-23
Calculate -78 - -27 - ((-7 - -1) + 6 + 1).
-52
What is -60 - (18 + (-12 - (-60 - -32)))?
-94
Evaluate (44 - 10) + (-3 - (-6 - 1) - (-35 + 26)).
47
Evaluate 48 - ((-8 - -10 - 6) + 20 - 19).
51
What is -23 - (-42 + (13 - 42))?
48
(3 - 37) + 10 + -4 + 160
132
Evaluate 53 + -49 + 17 + 35.
56
Calculate -8 + -11 + -11 + (15 - 37) + 20.
-32
Calculate -24 + -27 + 12 + 6 + 4 + -17 + 4.
-42
What is (-11 - (-18 + 9)) + -10 - (-4 + -51)?
43
Evaluate 1 - (-43 + 20 + 10 - (-3 - -2)).
13
-37 + 8 - -111 - (19 + 13)
50
What is the value of -8 + -2 + (7 - (-7 - (21 + -6 + 26)))?
45
Evaluate 3 + -21 + 747 + -750.
-21
What is 40 + -38 + 23 - 41?
-16
What is the value of (9 + (-13 + 14 - 1) - 5 - 100) + -3?
-99
(20 + -61 - -13) + 41 + -1 + -2
10
What is 113 - 126 - (7 + 1 - (-9 + 25))?
-5
Calculate (-24 - -11) + 76 + -90.
-27
55 + 0 - ((-5 + -11 + 4 - -5) + 16)
46
Evaluate (-2 + -3 - 4) + 5 - (-31 - -78).
-51
Evaluate -20 - (23 + -9 + 3 + 9).
-46
What is (10 + -1 - -1 - (-418 - -424)) + -2?
2
What is -5 - (24 + (21 - 69) + 12)?
7
What is the value of (42 - -153) + (-149 - 8)?
38
What is the value of 36 + -40 + 36 - (-3 + -11)?
46
Calculate (8 - (-4 + -2)) + 277 + -309.
-18
-16 - 3 - ((100 - 90) + (-21 - -4))
-12
Evaluate 45 + 0 + 6 + -77.
-26
Calculate 19 + 0 - 1 - (47 + 31 - 74).
14
What is the value of (24 - (41 - 4)) + -20?
-33
What is the value of 0 + 2 + 11 + -29 + 13 + -4 - -23?
16
What is -8 + (-18 + 2 - -88) + -17?
47
Calculate 65 + -1 + -1622 + 1573.
15
What is -44 - -18 - -98 - 45?
27
What is the value of -39 + 47 - 13 - 11?
-16
-78 + 96 - (-6 + (6 - 16))
34
Evaluate -1263 + 1201 - (2 + -59).
-5
What is (-63 - -28) + -166 + 88?
-113
56 + -30 + -112 + 97
11
28 - 5 - (-20 - (-4 - -30))
69
(-12 - (13 + 0) - (-23 - -14)) + -36
-52
What is the value of 1 + -10 + 5 + -10 + (-15 + 12 - 13)?
-30
Calculate 11 + (-13 - (-16 + -3 - -14)).
3
Calculate (12 - 1) + 1198 + -1119.
90
Calculate 20 + -29 + -16 + -25.
-50
Calculate -33 - (2 + 1 - 36) - (0 - 4).
4
What is the value of -46 + -2 + 2 - (83 + -121 - -32)?
-40
What is -16 + (9 - -3) + -1 + 8 - -3 - -102?
108
Evaluate -7 - (3 - -27) - (-12 + -5 + -5 + 21).
-36
What is the value of 6 + -6 + 3 - (3 + 2)?
-2
Evaluate -10 + 1 + (0 - -12) + -8 + 8 + -6.
-3
Calculate 3 + 4 + -16 + 13 + -23.
-19
(-29 - -5) + 2 + 106 + -35
49
42 + 11 + -48 - (-1 + -7)
13
What is the value of ((6 - -3) + -10 - -1) + -40 + 2?
-38
What is the value of (-242 - -185) + (-29 + 3 - -3 - -7)?
-73
-1 - (17 + -37 - (-103 - -42))
-42
Evaluate -134 + 110 + (-71 - -87).
-8
Evaluate (10 + -29 - -24) + (-4 - -5 - 80).
-74
-22 - (-118 - 38 - -30)
104
What is the value of -59 - ((61 - 130) + 79)?
-69
Calculate 11 - (-14 - -23 - (-3 + -9)).
-10
8 + -7 + (-1 - -23) + -9 - (0 - -1)
13
What is the value of -4 - (-25 + 29 + -104 + 22)?
74
Calculate 4 - (11 - (53 - 117)) - (-1 + -11).
-59
Calculate (22 + -2 - (196 - 135)) + -5.
-46
1744 - 1691 - (42 - -1)
10
What is the value of (-8 - -6) + (-31 + 30 + 2 - (-3 - 133))?
135
What is the value of (10 + -18 - 29) + (166 - 112)?
17
What is the value of 15 + -19 + -9 - (-19 - -19 - 9)?
-4
Calculate -85 + 39 + 31 + 30.
15
What is the value of 4 + (-3 - (-2 + 8 + -15)) + -45 + -5?
-40
What is -46 - -41 - -22 - (-2 + -25)?
44
Calculate -54 - -61 - (-22 - 47 - ((-5 - -13) + 1)).
85
Evaluate -92 - -59 - (3 - (-6 + -1)).
-43
Evaluate (74 - 22) + (-58 - 0).
-6
What is 621 + -639 + (-3 - -2) + 0?
-19
What is (2 - (6 + 31)) + -11 + -6 + 1?
-51
Calculate -7 + -35 - (56 - 69).
-29
What is 10 + (-94 + 17 - 2) - 2?
-71
Evaluate -10 + 3 + (6 - (9 - (-18 - -10))) + 64.
46
What is the value of -165 + -44 + 293 - (1 - (2 - 1 - -2))?
86
What is the value of 23 - (-45 - (-39 + -6))?
23
What is the value of -29 + -7 + (-20 - (28 + -30))?
-54
Evaluate 9 + -8 + -5 + 10 + (15 - 4).
17
What is the value of (206 + -183 - (25 + 0)) + 9?
7
What is -35 + 19 + 21 + -13 - 19?
-27
What is the value of 117 - (-27 - -43) - (9 + -7 + 4)?
95
What is -13 - (-179 + 22 - -63)?
81
What is (10 - 13) + 14 + (9 - 2) + -6?
12
What is (-6 - -30) + (-26 + 31 - -31)?
60
Evaluate 3 + (-8 - -2 - 8) + 3 - 31.
-39
Evaluate ((6 - -8) + -6 - -7) + (449 - 482).
-18
Calculate -25 + (1 - 2 - 2 - (8 + 1)).
-37
What is -84 - (32 - 41 - 35)?
-40
What is -27 + (-15 - -20 - -62)?
40
-18 - (-4 - -25 - 99 - -17)
43
What is -13 - -1 - (-90 + -7 + 1 - (16 - 6))?
94
Calculate 2 + 2 + 7 - (2953 - 2891).
-51
(1 - 6) + 16 + 2 - (131 - 108)
-10
What is (-42 + -3 - 4) + -144 + 171?
-22
0 - ((-102 - -14) + 47)
41
Evaluate -49 + 96 + -46 + 1 + (-5 - -3).
0
Calculate 6 + -2 + 13 + 14 + 38 + -6.
63
What is the value of -44 + 14 - (33 + -19 + -101)?
57
What is (189 - 213) + ((4 - -4) + 2 - 0)?
-14
Evaluate (8 - (4 - 1)) + -18 - (-3 + -51).
41
Calculate 2 + -1 + -34 + 19 + -22 + -9.
-45
Evaluate 99 - (71 - -75) - -172.
125
What is the value of (-2 - (77 + -6)) + (-1 - -10) + -27?
-91
Calculate (9 - 4) + 53 - (13 + 11 + -43).
77
-27 + (-18 - -7 - -41) + (0 - -24) + 0
27
What is (-2 + 1 + -7 - -14 - (-71 + 25)) + 0?
52
Calculate -4 + 6 - -6 - (-5 + -8 - -51).
-30
Evaluate -29 + -1 + 8 + (74 - 70 - (1 - -23)).
-42
Calculate 5 + 97 - (-10 - (-13 - -14) - -25).
88
What is (-2 - (0 - 11)) + -53 + -1 + 54?
9
(-4 - 5) + 6 + 7 + (19 + -11 - 76)
-64
What is -103 + -112 + 139 - -128?
52
Calculate -14 + 23 + -14 + 2 + (-7 - -2) + -40.
-48
What is the value of 6 + -12 + 0 + 3 + (1 - -8)?
6
Calculate (-1 - -11) + (0 + 45 - (204 - 193)).
44
90 - 18 - 24 - (26 + -17)
39
Calculate (24 - (98 + 2)) + -2.
-78
What is the value of 20 + -1 + 11 + -2 - (14 - 2)?
16
Calculate -29 - ((55 + -43 - (24 - 1)) + 5).
-23
Evaluate -19 + 24 - ((26 - (-1 + -7)) + -3).
-26
Evaluate 12 - 49 - (-18 - -33).
-52
What is 0 - (6 - 4 - (-2 + 0)) - (4 - 54)?
46
25 + 11 + -20 + -5
11
What is -14 + 83 + -150 + 3 + 17?
-61
Calculate -46 + 3 + 5 - (123 + -158).
-3
What is -1 - ((3 - 15) + -72 + 2 + -16)?
97
(-20 - -1 - -45) + -1
25
(-3 - (-132 + 146)) + -2 + 58
39
Calculate -4313 + 4404 + -10 + 0 + 1 + (3 - 1).
84
Evaluate 10 - (5 - (-52 - -39)).
-8
What is -4 - -27 - (-7 + 71 + -27)?
-14
What is 2293 + -2310 - (-8 - (-5 - -2))?
-12
What is (-4 - (4 + -13)) + (-48 - (38 + -137))?
56
Calculate -5 - (-14 - 4 - -6 - -14) - -9.
2
What is the value of (-104 - -4) + 119 - 38?
-19
Evaluate -45 - (6 + 55 + -119).
13
Evaluate (29 - 0) + -4 + 4 + -6 + 4.
27
What is -59 - -61 - ((-3 - -125 - -5) + -7)?
-118
Evaluate (53 - (84 + -5)) + -41.
-67
Evaluate 6 - -2 - (-76 - -179 - 17).
-78
What is the value of -217 + 173 + 5 + -8 + 7 + -1?
-41
What is (-90 - 17) + (-130 - -187)?
-50
What is the value of (54 - (0 - (20 - 52))) + -109 + 1?
-86
What is 2 + (-10 - 6) + 10 - 10 - (0 - -1)?
-15
What is the value of -5 + (3 - 1) - (-12 - -2 - -55)?
-48
13 + 15 + 0 + (-59 + 19 - -8) - -61
57
Evaluate -23 + (-4 - 12) + 31 + (0 - 67).
-75
What is the value of -23 - (648 + -738 + (-1 - 3))?
71
Calculate (-1 - 3) + 21 - (186 + -181).
12
What is 19 - (-33 + 12 + -16 - -131)?
-75
Evaluate 33 - (1 + (-10 - 8) + 13 + -4).
41
What is -4 + -38 - (129 - 203 - -111)?
-79
Evaluate -76 + (-13 - ((12 - 1) + -33)).
-67
8 - 1 - (1 + -40) - (-15 + (-11 - -39))
33
What is 2 + -6 + (-118 + -9 - (-34 + 17))?
-114
What is (0 - -17) + 25 + 54 + -163?
-67
What is 5 + -1 + 12 + (2 - 32) + -3?
-17
What is the value of (4 - 3) + 8 - (1463 - 1446)?
-8
Calculate 63 - 67 - (6 + -5 - -1) - 11.
-17
Evaluate 20 + -23 - -64 - 6 - -8 - 12.
51
Evaluate -5 + -1 - (-2034 - -2119 - (73 - 1)).
-19
What is the value of 117 - (-12 - -61) - 65?
3
Calculate 6 + 23 + 12 + -40 - 112.
-111
What is the value of -51 - -32 - -31 - (3 + 48)?
-39
What is 60 + -38 + 42 + 0 + 2 + (3 - 6)?
63
What is 83 + (148 - 27 - 207)?
-3
Evaluate 427 + -413 + (-35 - -4) + -3.
-20
What is -2 - ((107 - 124 - -18) + (1 - -16))?
-20
What is 2 + 3 + 30 + (-26 - -18) + (1 - 10)?
18
What is 6 - (44 - (160 + -161 + 1 + -9))?
-47
Evaluate (115 - 97) + -31 - (-28 + (-2 - 0)).
17
What is -5 + -24 + -161 + 165?
-25
What is (6 - (-4 + 27)) + 6 - (499 - 478)?
-32
-7 + 6 + 9 + 4 - (-1 - 21)
34
What is the value of -18 + (-20 - 45) + 10 - (2 + -4 - 2)?
-69
4 - (-3 + 38 - (-51 - -69))
-13
-10 + -35 + 1 + (51 - 21)
-14
83 - 25 - (3 - -61)
-6
What is -24 - (15 + -69 + 0 + 45)?
-15
Calculate -36 + -1 + (7 - (21 + -12 - -1)).
-40
Calculate